e value of 14 + -6 + -63 + 1 - (-8 - 3)?
-43
Calculate 41 + (-73 - -37) - (1 + -14) - 0.
18
Calculate (32 - (-48 + -30 + 205)) + (6 - (2 + -3)).
-88
Calculate -56 + 3 - -6 - -56.
9
What is the value of (-11 - -1) + -7 + (-11 - (-1 - (-13 - -3)))?
-37
What is the value of 47 + -49 + 135 + -244?
-111
What is the value of 67 + 0 + (0 + 53 - (-665 + 695))?
90
Calculate 31 - (-32 + 60) - -8.
11
What is 88 + -60 + 11 + (18 - 1)?
56
Evaluate -52 - (-39 - (-46 - -3)).
-56
Evaluate (81 - 40) + -41 + -8.
-8
Calculate -494 + 492 + (66 - -12).
76
What is -11 + -6 + 13 - ((17 - 13) + 4)?
-12
36 - (18 - (-8 - -2 - (-16 + -1)))
29
Evaluate -49 + 35 - (14 + -45).
17
Evaluate -137 + (-9 - 2 - (-86 + (7 - -86))).
-155
Calculate (6 - (0 + 1 + 0)) + (-230 - (193 - 412)).
-6
-19 - (-60 + -2 + 67)
-24
Calculate -24 + 17 + (16 + -23 - (0 + 0)).
-14
123 + 44 + -83 + -164
-80
What is -623 + 580 + -4 + 98?
51
(-2 - 25) + (10 - 62 - -50)
-29
-90 - -97 - (-49 - -20)
36
Evaluate (125 - 36) + -150 + (2 - -31).
-28
What is (-9 + -5 - (-10 + -6 + -8)) + -6?
4
What is the value of 2 + (24 - 133) - (-27 - -1)?
-81
What is the value of 2 + 3 + 1 + 0 - (1035 + -1068)?
39
Calculate -18 + (-3 - (-6 + -1)) + 4 + -8.
-18
What is (-169 + 85 - 45) + 52?
-77
Calculate 11 + 12 - -5 - ((-13 - -11) + -1 + 17).
14
16 + (-11 + -2 - (-135 + 131)) + -25 + 1
-17
9 - (-36 - (-15 + 6 + -7 + 30))
59
What is the value of -34 - ((1 - 26) + 1 + -5)?
-5
Evaluate -3 + 19 + (8 - 74).
-50
What is -54 + (28 - -9) + -51 + 141?
73
What is -25 + (16 + (4 - 58) - 4)?
-67
84 - (125 + -57 + -3)
19
What is the value of 2 - -13 - ((5 - -13 - 5) + (6 - 14))?
10
What is (-4 - -2) + 16 - (1532 + -1467)?
-51
What is the value of -140 + (34 - (2 + 9 + (2 - 2)))?
-117
(167 - 176) + 8 + -1 + -2 - (106 + -10)
-100
Evaluate 167 + 58 + -104 - 97.
24
What is the value of (75 - (29 + 3)) + -22 - (0 - 8)?
29
Calculate (119 + -110 - (1 + 5)) + 54.
57
Calculate (-2 - (50 + -58)) + -96 + 6 + (0 - 2).
-86
What is -71 + (-37 - (26 + -55)) + -29 + -1 + -9?
-118
(1807 - 1787) + (3 - -9)
32
Calculate -26 + 21 - (147 + -216).
64
Calculate (2 - -20) + (489 - 502).
9
What is the value of 9 - (23 + -19) - (24 + -2 + (8 - 3))?
-22
-145 - (45 + (-133 - -16))
-73
Calculate 50 + -70 + -10 + -22.
-52
What is 3 + 25 + (565 - 614)?
-21
What is the value of 68 + 16 + -85 + 57 - (9 - 2)?
49
What is the value of (-5 - -21) + (-15 - (-2 - -8 - 9)) + -61?
-57
What is the value of 102 - (52 + (-25 - -46))?
29
Calculate -48 - -50 - (0 - 3 - (-4 - -7)).
8
What is 32 + 12 + (32 - (125 - -9))?
-58
What is (131 - 126 - (1 + (8 - -4) - 4)) + 56?
52
What is (89 - (-131 - -159)) + 87?
148
What is 110 + -60 + 20 + -54?
16
Calculate 22 + (-8 - 4 - (9 - -57)).
-56
Calculate (52 + 58 - 95) + -21 + -1.
-7
Evaluate (13 - -23) + (-127 - -159).
68
What is the value of (41 + 7 - 102) + 1 + 1?
-52
What is the value of -1925 + 1938 - (2 - (-5 - -1))?
7
14 - 71 - (176 + -194)
-39
(156 - 148) + (-44 - -35)
-1
What is 1 - 29 - (-174 - (-15 + -112))?
19
What is the value of 105 - (52 - -7) - (-1 + 1 - 13)?
59
What is the value of -104 + (82 - -4) - (-1 + 0 - 10)?
-7
(9 - 5) + -7 + 1 + -37
-39
What is (-4 - (-34 - (12 + -52))) + -2 + 57?
45
Calculate -32 + 28 + (19 + -7 - 3 - (-3 + -11)).
19
(-7 - -5) + -2 + -38 - (-454 - -439)
-27
What is the value of (-1 - -1) + (-3 - (-6 + (11 - 9)))?
1
Evaluate 1 - -7 - (-128 + (-20 - (-30 - -42) - -28)).
140
-6 - (-18 - (-11 - -3) - (-97 + 5 + -5))
-93
2 + 38 + -7998 + 7905
-53
-92 + -7 - (-7 + 25 + (0 - 22))
-95
What is the value of (-1 - 149) + (63 - 6) + (-37 - 2)?
-132
-34 + (-23 - -49) + (2 + (-2 - -60) - 4)
48
What is -61 - (16 - ((-14 - (-25 - -3)) + 3 + -1))?
-67
Evaluate (79 - -4) + (-142 - -133).
74
What is the value of -19 + (-3 - -20) + -14 + -17?
-33
What is the value of -1 - (24 - -15) - ((-22 - -30) + -12)?
-36
-42 - (25 + -94 + 57)
-30
Evaluate 58 + -3 + -24 + 59 + -41.
49
(-415 - -349 - (1 + 0)) + -27
-94
Calculate (12 - (-8 + -10)) + -18 + -7 + 0.
5
Evaluate -1 + (-2 - -2 - 1) + (-1648 - -1774).
124
-38 - ((91 - 41) + -21 - 16)
-51
What is (-32 - (4 + -2)) + (-5 + -45 + 20 - -20)?
-44
Evaluate (11 + 1 - ((4 - -1) + 330 + -326)) + 60.
63
What is the value of -10 - (-30 + (27 - 8 - 12 - 5))?
18
Calculate -4 + 2 - -44 - (32 + -18).
28
What is (1265 - 1213 - (-1 + 3)) + 13 + -2 + -2?
59
What is -11 + (16 - 11) + -87 + (-57 - -42)?
-108
What is 15 - (-1 - (-5 - -1)) - (210 + -155)?
-43
Evaluate 11 - 3 - (14 + 18 + -14).
-10
Calculate (1 - (1 + -16)) + 3 - (1517 - 1509).
11
Calculate 5 + -25 + 27 + 20 + (3 - 5).
25
Calculate (-394 + 342 - (-25 + 1)) + -3 + -20.
-51
-45 + (14 - -61 - 39)
-9
-1192 + 1199 + (-46 - 1)
-40
(-65 - -68) + -1 + (-7 - (-7 - 40))
42
What is -19 + -4 - (19 + (16 - 16) - 26)?
-16
Evaluate (13 + 79 - 80) + 11.
23
What is (21 - (-6 - -34)) + 9 - -18?
20
What is the value of (-25 - (-15 - (-12 + (3 - 11)))) + 0?
-30
What is the value of 133 - (5 + 26 + -35 + 1 + -16)?
152
What is the value of -2 + 8 + -9 + 54 + -41 + -88?
-78
Calculate 9 + -45 + 41 + -6 - (-1 - (-147 - -2)).
-145
What is 0 - -12 - (-18 - 2 - (-28 - (8 + -24)))?
20
Evaluate 877 + -898 - (-31 + -2).
12
Evaluate -304 + 303 + (0 - 7) - (-1 + 41).
-48
What is the value of (90 - 101 - (-1 - 10)) + (1 + -3 - 16)?
-18
Calculate 34 + (11 - 1) + -113 + 98 + (3 - -1).
33
Evaluate -116 - ((1 - -1) + 0) - (-5981 - -5977).
-114
Calculate -19 + (119 - 172) + (-6 - (-3 - -14)).
-89
Evaluate 4609 + -4732 - (-22 + 1 + 1).
-103
What is the value of -3384 - -3313 - (-5 + -1 - (7 - 7 - 2))?
-67
What is -50 + (-13 + -15 - (-38 - -39))?
-79
Evaluate 70 + -18 + -14 + 1 + 104 + -108.
35
What is the value of 32 + -55 + (-14 - (-38 + 32))?
-31
Evaluate -22935 + 22952 + -20 + -1 + 1 + 2.
-1
What is (6 + -7 - -20) + (15 - (-11 - -25)) + 11?
31
Evaluate -3 + 0 + -4 - (-61 + (-14 - (-11 + 15))).
72
22 + (-21 - -2) + 7 - (46 - 3 - 1)
-32
What is (-340 - -348 - (7 + 1)) + (0 - 5)?
-5
Calculate ((0 - (0 + 5)) + -3 - (-115 - -71)) + 6.
42
What is the value of (21 - -50) + -31 - -8 - -19?
67
What is the value of 216 + -240 - (21 + -9)?
-36
Calculate -5 + 5 + 3 + 10 + 8 + -11 + 7.
17
What is the value of (3 + -29 - -19) + 7 - (11 + 4 + -4)?
-11
(-10 - 12) + -1 + 7 + 5
-11
What is the value of 6 + (-1 + 2 - -1) - (96 + 29 + -27)?
-90
Evaluate 19 - (19 - -26) - (2 + -3 + -2 - -1).
-24
Evaluate (-30 - (-10 - (7 - 7)) - (-10 + -3)) + 6.
-1
Evaluate (13 - 6) + (0 - 5) + (3 - 13).
-8
What is the value of -4 - (-16 + (0 - -6)) - (-50 + 38 + -9)?
27
What is the value of 30 + 30 + -28 + 1?
33
What is -102 - (46 + -66 + 8 + -5)?
-85
27 + -19 + 129 + -36 - 27
74
What is the value of 11 - (2 + -17) - 28 - 2?
-4
Evaluate -4 + -11 + (10 - ((-13 - 0) + -20)).
28
(81 + -88 - (-24 + 5)) + (-8 - 16)
-12
Evaluate (3 - -1) + (9 - 29) + 4.
-12
-44 - (35 + (6 - 10) + -30)
-45
8 + 1 + (113 - 364 - -229)
-13
What is -17 - (-6 - 12) - 18 - (2 + 3)?
-22
Calculate -13 + 21 + -63 + 27.
-28
What is the value of (-45 - -49) + (6 - 21) + 98 + -7?
80
Evaluate (-1 - (16 - 0)) + (-75 - (292 + -275)).
-109
Calculate 166 - (44 + 85 + -18).
55
What is the value of 2 + -4 + 11 + -9 + 0 + 3 + 6?
9
Evaluate 40 - (-3 + 0) - (25 + -19) - 17.
20
Evaluate -21 - (-17 + -2 + (-34 - -41)).
-9
What is 0 + -3 - (-909 + 928) - -62?
40
Evaluate -37 + (3 - (66 + -64 + (-2 - 0) + -2)).
-32
-438 + 469 - (-5 - -29) - 41
-34
Calculate 4 - (-121 + -10 + -39 + 75).
99
Calculate (-35 - 4 - -4) + (4834 - 4870).
-71
Evaluate 3 + -1 - (-28 + 23 + -13 + (-11 - -18)).
13
What is -124 - -21 - (6 + -36)?
-73
Calculate ((-31 - -75) + 6 - 13) + 14.
51
-7 - 0 - (-8 - ((-37 - -34) + 9))
7
What is 0 - -1 - (1757 + -1771 + 1 + 154) - -10?
-130
-1 + -117 + 4 + (-19 - -6 - (-19 - -22))
-130
What is 13 + -14 + 4 - -15?
18
What is (3 - (30 - 42)) + 0 + -2 + -73?
-60
-33 + 26 + (59 - 4) - 5 - (-3 - 0)
46
What is -12 - (16 + (-12 - 6) + 5 + -3 + -73)?
61
What is -356 + 388 + (10 - 5) + 25?
62
What is (-14 - (23 - 10)) + -23 - (-14 + 2)?
-38
Evaluate -22 + -21 + 179 + -42 + 8.
102
What is (-40 - -31) + 44 + -50?
-15
What is 42 + -103 + 53 + 11 + 1 + -2 + -16?
-14
Evaluate 55 + -42 - (-5 - -8).
10
What is -3126 - -3065 - (1 - -18)?
-80
What is -67 - (73 - (258 + -78))?
40
What is -39 + -3 + -2 + (-23 - -8 - -6 - -15)?
-38
Evaluate -552 + 540 - (30